{"id":762,"date":"2018-08-30T08:25:43","date_gmt":"2018-08-30T08:25:43","guid":{"rendered":"http:\/\/www.miasteczko-galicyjskie.pl\/?page_id=762"},"modified":"2019-01-23T13:10:06","modified_gmt":"2019-01-23T13:10:06","slug":"polska-zobacz-wiecej-weekend-za-pol-ceny","status":"publish","type":"page","link":"https:\/\/www.miasteczko-galicyjskie.pl\/?page_id=762","title":{"rendered":"\u201ePolska zobacz wi\u0119cej \u2013 weekend za p\u00f3\u0142 ceny\u201d"},"content":{"rendered":"<p><img loading=\"lazy\" class=\" wp-image-1734 aligncenter\" src=\"http:\/\/www.miasteczko-galicyjskie.pl\/wp-content\/uploads\/2019\/01\/weekend-16-17.03.2019-300x88.jpg\" alt=\"\" width=\"645\" height=\"189\" srcset=\"https:\/\/www.miasteczko-galicyjskie.pl\/wp-content\/uploads\/2019\/01\/weekend-16-17.03.2019-300x88.jpg 300w, https:\/\/www.miasteczko-galicyjskie.pl\/wp-content\/uploads\/2019\/01\/weekend-16-17.03.2019-768x226.jpg 768w, https:\/\/www.miasteczko-galicyjskie.pl\/wp-content\/uploads\/2019\/01\/weekend-16-17.03.2019-1024x301.jpg 1024w, https:\/\/www.miasteczko-galicyjskie.pl\/wp-content\/uploads\/2019\/01\/weekend-16-17.03.2019-1140x335.jpg 1140w\" sizes=\"(max-width: 645px) 100vw, 645px\" \/><\/p>\n<p>&nbsp;<\/p>\n<p>W dniach 16 &#8211; 17 marca 2019 r. Miasteczko Galicyjskie w Nowym S\u0105czu \u2013 partner akcji \u201ePolska zobacz wi\u0119cej \u2013 weekend za p\u00f3\u0142 ceny\u201d, przygotowa\u0142o dla wszystkich zwiedzaj\u0105cych wyj\u0105tkow\u0105 ofert\u0119. Zgodnie z za\u0142o\u017ceniami akcji, obowi\u0105zuj\u0105ca cena biletu wst\u0119pu b\u0119dzie ni\u017csza o minimum 50%:<br \/>\n16 marca \u2013 wej\u015bcie bezp\u0142atne<br \/>\n17 marca \u2013 bilet normalny: 3,50 z\u0142 (cena regularna: 7,00 z\u0142), bilet ulgowy: 2,50 z\u0142 (cena regularna: 5,00 z\u0142)<\/p>\n<p>Miasteczko Galicyjskie w sezonie zimowym (tj. do 30 kwietnia <span class=\"text_exposed_show\">br.) jest czynne: wtorek \u2013 niedziela w godzinach: 9.00 \u2013 16.00<br \/>\n\/poniedzia\u0142ek \u2013 nieczynne\/<\/span><\/p>\n<div class=\"text_exposed_show\">\n<p>Szczeg\u00f3\u0142y:<\/p>\n<p>Kasa Miasteczka Galicyjskiego<br \/>\ntel.: 18 441 02 10, wew. 104<br \/>\ne-mail: kasamg@muzeum.sacz.pl<\/p>\n<p>\u201ePolska zobacz wi\u0119cej \u2013 weekend za p\u00f3\u0142 ceny\u201d, to akcja przygotowana przez Ministerstwo Sportu i Turystyki oraz Polsk\u0105 Organizacj\u0119 Turystyczn\u0105. Ma ona na celu zaprezentowanie polskiej oferty turystycznej i zach\u0119cenie Polak\u00f3w do korzystania z atrakcji i us\u0142ug turystycznych na terenie kraju, r\u00f3wnie\u017c w okresie poza g\u0142\u00f3wnym sezonem wakacyjnym. \u201ePolska zobacz wi\u0119cej \u2013 weekend za p\u00f3\u0142 ceny\u201d, to wykorzystanie sprawdzonej formu\u0142y weekendowych akcji zni\u017ckowych organizowanych przez polskie miasta i regiony i przeniesienie jej na poziom krajowy.<\/p>\n<p>Wi\u0119cej informacji na temat akcji pod adresem:<\/p>\n<p><a href=\"https:\/\/www.polskazobaczwiecej.pl\/\" target=\"_blank\" rel=\"noopener nofollow\" data-ft=\"{&quot;tn&quot;:&quot;-U&quot;}\" data-lynx-mode=\"asynclazy\" data-lynx-uri=\"https:\/\/l.facebook.com\/l.php?u=https%3A%2F%2Fwww.polskazobaczwiecej.pl%2F&amp;h=AT3fRfjZj82TfJmB3iX7Z128r0atdxvvn12K_Zlgk300Lw7aqwnLydORF2AICnWiJG4TuedsyffiLdUm5l9URP5pkRpkOH23f52djvyQ80nWMlU49EkcWVDKSmcJpRGEHDi1i9ww65jziD0J0eSLYj9zWuJcW9WuLjCeghc\">www.polskazobaczwiecej.pl<\/a><\/p>\n<\/div>\n","protected":false},"excerpt":{"rendered":"<p>&nbsp; W dniach 16 &#8211; 17 marca 2019 r. Miasteczko Galicyjskie w Nowym S\u0105czu \u2013 partner akcji \u201ePolska zobacz wi\u0119cej \u2013 weekend za p\u00f3\u0142 ceny\u201d, przygotowa\u0142o dla wszystkich zwiedzaj\u0105cych wyj\u0105tkow\u0105 ofert\u0119. Zgodnie z za\u0142o\u017ceniami akcji, obowi\u0105zuj\u0105ca cena biletu wst\u0119pu b\u0119dzie ni\u017csza o minimum 50%: 16 marca \u2013 wej\u015bcie bezp\u0142atne 17 marca \u2013 bilet normalny: 3,50 z\u0142 (cena regularna: 7,00 z\u0142), bilet ulgowy: 2,50 z\u0142 (cena regularna: 5,00 z\u0142) Miasteczko Galicyjskie w sezonie zimowym (tj. do 30 kwietnia br.) jest czynne: wtorek \u2013 niedziela w godzinach: 9.00 \u2013 16.00 \/poniedzia\u0142ek \u2013 nieczynne\/ Szczeg\u00f3\u0142y: Kasa Miasteczka Galicyjskiego tel.: 18 441 02 10, wew. 104 e-mail: kasamg@muzeum.sacz.pl \u201ePolska zobacz wi\u0119cej \u2013 weekend za p\u00f3\u0142 ceny\u201d, to akcja przygotowana przez Ministerstwo Sportu i Turystyki oraz Polsk\u0105 Organizacj\u0119 Turystyczn\u0105. Ma ona na celu zaprezentowanie polskiej oferty turystycznej i zach\u0119cenie Polak\u00f3w do korzystania z atrakcji i us\u0142ug turystycznych na terenie kraju, r\u00f3wnie\u017c w okresie poza g\u0142\u00f3wnym sezonem wakacyjnym. \u201ePolska zobacz wi\u0119cej \u2013 weekend za p\u00f3\u0142 ceny\u201d, to wykorzystanie sprawdzonej formu\u0142y weekendowych akcji zni\u017ckowych organizowanych przez polskie miasta i regiony i przeniesienie jej na poziom krajowy. Wi\u0119cej informacji na temat akcji pod adresem: www.polskazobaczwiecej.pl<\/p>\n","protected":false},"author":1,"featured_media":0,"parent":0,"menu_order":0,"comment_status":"closed","ping_status":"closed","template":"","meta":[],"_links":{"self":[{"href":"https:\/\/www.miasteczko-galicyjskie.pl\/index.php?rest_route=\/wp\/v2\/pages\/762"}],"collection":[{"href":"https:\/\/www.miasteczko-galicyjskie.pl\/index.php?rest_route=\/wp\/v2\/pages"}],"about":[{"href":"https:\/\/www.miasteczko-galicyjskie.pl\/index.php?rest_route=\/wp\/v2\/types\/page"}],"author":[{"embeddable":true,"href":"https:\/\/www.miasteczko-galicyjskie.pl\/index.php?rest_route=\/wp\/v2\/users\/1"}],"replies":[{"embeddable":true,"href":"https:\/\/www.miasteczko-galicyjskie.pl\/index.php?rest_route=%2Fwp%2Fv2%2Fcomments&post=762"}],"version-history":[{"count":7,"href":"https:\/\/www.miasteczko-galicyjskie.pl\/index.php?rest_route=\/wp\/v2\/pages\/762\/revisions"}],"predecessor-version":[{"id":1739,"href":"https:\/\/www.miasteczko-galicyjskie.pl\/index.php?rest_route=\/wp\/v2\/pages\/762\/revisions\/1739"}],"wp:attachment":[{"href":"https:\/\/www.miasteczko-galicyjskie.pl\/index.php?rest_route=%2Fwp%2Fv2%2Fmedia&parent=762"}],"curies":[{"name":"wp","href":"https:\/\/api.w.org\/{rel}","templated":true}]}}