{"id":473,"date":"2018-07-29T12:18:06","date_gmt":"2018-07-29T12:18:06","guid":{"rendered":"http:\/\/www.miasteczko-galicyjskie.pl\/?page_id=473"},"modified":"2018-07-29T12:18:06","modified_gmt":"2018-07-29T12:18:06","slug":"cookies","status":"publish","type":"page","link":"https:\/\/www.miasteczko-galicyjskie.pl\/?page_id=473","title":{"rendered":"Cookies"},"content":{"rendered":"<p>Pliki \u201ecookie\u201d s\u0105 to pliki tekstowe zapisywane na komputerze U\u017cytkownika i s\u0142u\u017c\u0105 do zapisywania preferencji i ustawie\u0144 wykorzystywanych podczas korzystania z serwisu. U\u017cywane przez nas pliki cookie nie umo\u017cliwiaj\u0105 identyfikacji U\u017cytkownik\u00f3w odwiedzaj\u0105cych nasz\u0105 witryn\u0119 i nie s\u0105 w nich zapisywane \u017cadne informacje, kt\u00f3re mog\u0142y by tak\u0105 identyfikacj\u0119 umo\u017cliwi\u0107. Zgodnie z art. 173 Ustawy z dnia 16 lipca 2004 roku Prawo telekomunikacyjne (Dz. U. Nr 171, poz. 1800) zapisywanie plik\u00f3w tekstowych na dysku komputera U\u017cytkownika witryny jest dozwolone o ile U\u017cytkownik zostanie o tym poinformowany. Warunkiem dzia\u0142ania plik\u00f3w cookies jest ich akceptacja przez przegl\u0105dark\u0119 oraz nieusuwanie ich z dysku komputera. Je\u017celi U\u017cytkownik nie chce udost\u0119pni\u0107 plik\u00f3w cookies, powinien tak\u0105 opcj\u0119 wy\u0142\u0105czy\u0107 w przegl\u0105darce nim odwiedzi nasz portal. Nieudost\u0119pnienie plik\u00f3w cookies przez przegl\u0105dark\u0119, albo ich skasowanie, mo\u017cne powodowa\u0107 znaczne utrudnienia lub mo\u017ce nawet ca\u0142kowicie uniemo\u017cliwia\u0107 korzystanie z naszej witryny \u2013 za co nie ponosimy odpowiedzialno\u015bci.<\/p>\n","protected":false},"excerpt":{"rendered":"<p>Pliki \u201ecookie\u201d s\u0105 to pliki tekstowe zapisywane na komputerze U\u017cytkownika i s\u0142u\u017c\u0105 do zapisywania preferencji i ustawie\u0144 wykorzystywanych podczas korzystania z serwisu. U\u017cywane przez nas pliki cookie nie umo\u017cliwiaj\u0105 identyfikacji U\u017cytkownik\u00f3w odwiedzaj\u0105cych nasz\u0105 witryn\u0119 i nie s\u0105 w nich zapisywane \u017cadne informacje, kt\u00f3re mog\u0142y by tak\u0105 identyfikacj\u0119 umo\u017cliwi\u0107. Zgodnie z art. 173 Ustawy z dnia 16 lipca 2004 roku Prawo telekomunikacyjne (Dz. U. Nr 171, poz. 1800) zapisywanie plik\u00f3w tekstowych na dysku komputera U\u017cytkownika witryny jest dozwolone o ile U\u017cytkownik zostanie o tym poinformowany. Warunkiem dzia\u0142ania plik\u00f3w cookies jest ich akceptacja przez przegl\u0105dark\u0119 oraz nieusuwanie ich z dysku komputera. Je\u017celi U\u017cytkownik nie chce udost\u0119pni\u0107 plik\u00f3w cookies, powinien tak\u0105 opcj\u0119 wy\u0142\u0105czy\u0107 w przegl\u0105darce nim odwiedzi nasz portal. Nieudost\u0119pnienie plik\u00f3w cookies przez przegl\u0105dark\u0119, albo ich skasowanie, mo\u017cne powodowa\u0107 znaczne utrudnienia lub mo\u017ce nawet ca\u0142kowicie uniemo\u017cliwia\u0107 korzystanie z naszej witryny \u2013 za co nie ponosimy odpowiedzialno\u015bci.<\/p>\n","protected":false},"author":1,"featured_media":0,"parent":0,"menu_order":0,"comment_status":"closed","ping_status":"closed","template":"","meta":[],"_links":{"self":[{"href":"https:\/\/www.miasteczko-galicyjskie.pl\/index.php?rest_route=\/wp\/v2\/pages\/473"}],"collection":[{"href":"https:\/\/www.miasteczko-galicyjskie.pl\/index.php?rest_route=\/wp\/v2\/pages"}],"about":[{"href":"https:\/\/www.miasteczko-galicyjskie.pl\/index.php?rest_route=\/wp\/v2\/types\/page"}],"author":[{"embeddable":true,"href":"https:\/\/www.miasteczko-galicyjskie.pl\/index.php?rest_route=\/wp\/v2\/users\/1"}],"replies":[{"embeddable":true,"href":"https:\/\/www.miasteczko-galicyjskie.pl\/index.php?rest_route=%2Fwp%2Fv2%2Fcomments&post=473"}],"version-history":[{"count":1,"href":"https:\/\/www.miasteczko-galicyjskie.pl\/index.php?rest_route=\/wp\/v2\/pages\/473\/revisions"}],"predecessor-version":[{"id":474,"href":"https:\/\/www.miasteczko-galicyjskie.pl\/index.php?rest_route=\/wp\/v2\/pages\/473\/revisions\/474"}],"wp:attachment":[{"href":"https:\/\/www.miasteczko-galicyjskie.pl\/index.php?rest_route=%2Fwp%2Fv2%2Fmedia&parent=473"}],"curies":[{"name":"wp","href":"https:\/\/api.w.org\/{rel}","templated":true}]}}