{"id":408,"date":"2018-07-13T08:28:58","date_gmt":"2018-07-13T08:28:58","guid":{"rendered":"http:\/\/www.miasteczko-galicyjskie.pl\/?page_id=408"},"modified":"2023-07-24T10:14:38","modified_gmt":"2023-07-24T10:14:38","slug":"zwiedzanie","status":"publish","type":"page","link":"https:\/\/www.miasteczko-galicyjskie.pl\/?page_id=408","title":{"rendered":"Zwiedzanie"},"content":{"rendered":"\n<div style=\"height:36px\" aria-hidden=\"true\" class=\"wp-block-spacer\"><\/div>\n\n\n<h5>Miasteczko Galicyjskie jest czynne w dniach:<\/h5>\n<p><strong>1 maja \u2013 15 pa\u017adziernika<br><\/strong>wtorek \u2013 niedziela \/ 10.00 -18.00&nbsp; (ostatnie wej\u015bcie na ekspozycj\u0119 o&nbsp;godz. 17.00)<\/p>\n<p><strong>16 pa\u017adziernika \u2013 30 kwietnia<br><\/strong>wtorek \u2013 niedziela \/ 9.00 \u2013 16.00 (ostatnie wej\u015bcie o godz. 15.00)<\/p>\n<p>Czas zwiedzania: ok. 60 minut.<\/p>\n<p>Punkt kasowy zamykany na godzin\u0119 przed zamkni\u0119ciem ekspozycji.<\/p>\n\n\n<div style=\"height:41px\" aria-hidden=\"true\" class=\"wp-block-spacer\"><\/div>\n\n\n<h5>Miasteczko Galicyjskie jest nieczynne w:<\/h5>\n<ul>\n<li>poniedzia\u0142ki<\/li>\n<li>Sobot\u0119 Wielkanocn\u0105,<\/li>\n<li>pierwszy i drugi dzie\u0144 \u015awi\u0105t Wielkanocnych (niedziela, poniedzia\u0142ek)<\/li>\n<li>Bo\u017ce Cia\u0142o,<\/li>\n<li>1 i 6 stycznia,<\/li>\n<li>1 listopada,<\/li>\n<li>24, 25 i 26 grudnia.<\/li>\n<\/ul>\n\n\n<div style=\"height:40px\" aria-hidden=\"true\" class=\"wp-block-spacer\"><\/div>\n\n\n<p class=\"cufont\">Osoby niepe\u0142noletnie zwiedzaj\u0105 wy\u0142\u0105cznie pod opiek\u0105 rodzic\u00f3w lub opiekun\u00f3w prawnych, rodzice i opiekunowie prawni ponosz\u0105 wy\u0142\u0105czn\u0105 odpowiedzialno\u015b\u0107 za osoby, kt\u00f3rymi si\u0119 opiekuj\u0105;<\/p>\n\n\n<div style=\"height:43px\" aria-hidden=\"true\" class=\"wp-block-spacer\"><\/div>\n\n\n\n<div class=\"wp-block-buttons\">\n<div class=\"wp-block-button\"><a class=\"wp-block-button__link\" href=\"http:\/\/www.miasteczko-galicyjskie.pl\/wp-content\/uploads\/2023\/03\/Regulamin-2023-scaled.jpg\">Regulamin zwiedzania<\/a><\/div>\n<\/div>\n\n\n\n<p><\/p>\n","protected":false},"excerpt":{"rendered":"<p>Miasteczko Galicyjskie jest czynne w dniach: 1 maja \u2013 15 pa\u017adziernikawtorek \u2013 niedziela \/ 10.00 -18.00&nbsp; (ostatnie wej\u015bcie na ekspozycj\u0119 o&nbsp;godz. 17.00) 16 pa\u017adziernika \u2013 30 kwietniawtorek \u2013 niedziela \/ 9.00 \u2013 16.00 (ostatnie wej\u015bcie o godz. 15.00) Czas zwiedzania: ok. 60 minut. Punkt kasowy zamykany na godzin\u0119 przed zamkni\u0119ciem ekspozycji. Miasteczko Galicyjskie jest nieczynne w: poniedzia\u0142ki Sobot\u0119 Wielkanocn\u0105, pierwszy i drugi dzie\u0144 \u015awi\u0105t Wielkanocnych (niedziela, poniedzia\u0142ek) Bo\u017ce Cia\u0142o, 1 i 6 stycznia, 1 listopada, 24, 25 i 26 grudnia. Osoby niepe\u0142noletnie zwiedzaj\u0105 wy\u0142\u0105cznie pod opiek\u0105 rodzic\u00f3w lub opiekun\u00f3w prawnych, rodzice i opiekunowie prawni ponosz\u0105 wy\u0142\u0105czn\u0105 odpowiedzialno\u015b\u0107 za osoby, kt\u00f3rymi si\u0119 opiekuj\u0105;<\/p>\n","protected":false},"author":1,"featured_media":0,"parent":0,"menu_order":0,"comment_status":"closed","ping_status":"closed","template":"","meta":[],"_links":{"self":[{"href":"https:\/\/www.miasteczko-galicyjskie.pl\/index.php?rest_route=\/wp\/v2\/pages\/408"}],"collection":[{"href":"https:\/\/www.miasteczko-galicyjskie.pl\/index.php?rest_route=\/wp\/v2\/pages"}],"about":[{"href":"https:\/\/www.miasteczko-galicyjskie.pl\/index.php?rest_route=\/wp\/v2\/types\/page"}],"author":[{"embeddable":true,"href":"https:\/\/www.miasteczko-galicyjskie.pl\/index.php?rest_route=\/wp\/v2\/users\/1"}],"replies":[{"embeddable":true,"href":"https:\/\/www.miasteczko-galicyjskie.pl\/index.php?rest_route=%2Fwp%2Fv2%2Fcomments&post=408"}],"version-history":[{"count":25,"href":"https:\/\/www.miasteczko-galicyjskie.pl\/index.php?rest_route=\/wp\/v2\/pages\/408\/revisions"}],"predecessor-version":[{"id":4284,"href":"https:\/\/www.miasteczko-galicyjskie.pl\/index.php?rest_route=\/wp\/v2\/pages\/408\/revisions\/4284"}],"wp:attachment":[{"href":"https:\/\/www.miasteczko-galicyjskie.pl\/index.php?rest_route=%2Fwp%2Fv2%2Fmedia&parent=408"}],"curies":[{"name":"wp","href":"https:\/\/api.w.org\/{rel}","templated":true}]}}