{"id":3944,"date":"2022-11-03T08:15:34","date_gmt":"2022-11-03T08:15:34","guid":{"rendered":"http:\/\/www.miasteczko-galicyjskie.pl\/?page_id=3944"},"modified":"2022-11-03T08:31:35","modified_gmt":"2022-11-03T08:31:35","slug":"deklaracja-dostepnosci","status":"publish","type":"page","link":"https:\/\/www.miasteczko-galicyjskie.pl\/?page_id=3944","title":{"rendered":"Deklaracja dost\u0119pno\u015bci"},"content":{"rendered":"\n<h3>Deklaracja dost\u0119pno\u015bci Muzeum Okr\u0119gowego w Nowym S\u0105czu<\/h3>\n\n\n\n<p>Muzeum Okr\u0119gowe w Nowym S\u0105czu&nbsp;(w skr\u00f3cie MONS)<\/p>\n\n\n\n<p>Telefon: +48 184437708<br>E-mail: <a href=\"mailto:sekretariat@muzeum.sacz.pl\">sekretariat@muzeum.sacz.pl<\/a><br>Adres korespondencyjny: ul. Jagiello\u0144ska 56, 30-300 Nowy S\u0105cz<\/p>\n\n\n\n<p>zobowi\u0105zuje si\u0119 zapewni\u0107 dost\u0119pno\u015b\u0107 strony internetowej zgodnie z ustaw\u0105 z dnia 4 kwietnia 2019 r. o dost\u0119pno\u015bci cyfrowej stron internetowych i aplikacji mobilnych podmiot\u00f3w publicznych. O\u015bwiadczenie w sprawie dost\u0119pno\u015bci ma zastosowanie do <a href=\"http:\/\/www.miasteczko-galicyjskie.pl\">strony internetowej oddzia\u0142u Miasteczko Galicyjskie<\/a>.<\/p>\n\n\n\n<p>Data publikacji strony internetowej: 2018-01-25<\/p>\n\n\n\n<p>Data ostatniej istotnej aktualizacji: 2021-02-19<\/p>\n\n\n\n<p>Strona internetowa <a href=\"http:\/\/www.miasteczko-galicyjskie.pl\/\">www.miasteczko-galicyjskie.pl<\/a> jest cz\u0119\u015bciowo zgodna z ustaw\u0105 z dnia 4 kwietnia 2019 r. o dost\u0119pno\u015bci cyfrowej stron internetowych i aplikacji mobilnych podmiot\u00f3w publicznych\u00a0z powodu wy\u0142\u0105cze\u0144 wymienionych poni\u017cej:<\/p>\n\n\n\n<ul><li>cz\u0119\u015b\u0107 zamieszczonych na stronie publikacje w&nbsp;formie plik\u00f3w PDF nie jest dost\u0119pna cyfrowo: zosta\u0142y opublikowane przed 2018-09-23 lub nie s\u0105 wykorzystywane do realizacji bie\u017c\u0105cych zada\u0144 MONS,<\/li><li>cz\u0119\u015b\u0107 z&nbsp;publikowanych zdj\u0119\u0107 nie posiada opisu alternatywnego: zosta\u0142y opublikowane przed 2018-09-23 lub nie s\u0105 wykorzystywane do realizacji bie\u017c\u0105cych zada\u0144 MONS,<\/li><li>cz\u0119\u015b\u0107 film\u00f3w i relacji wideo nie ma napis\u00f3w oraz lektora PJM:&nbsp;zosta\u0142y opublikowane przed&nbsp; wprowadzeniem takiego obowi\u0105zku.<\/li><\/ul>\n\n\n\n<p>Strona posiada nast\u0119puj\u0105ce u\u0142atwienia dla os\u00f3b z niepe\u0142nosprawno\u015bciami:<\/p>\n\n\n\n<ul><li>zmiana kontrastu (dwa rodzaje: czarno-bia\u0142y, \u017c\u00f3\u0142to-czarny),<\/li><li>mo\u017cliwo\u015b\u0107 powi\u0119kszenia liter na stronie (osiem poziom\u00f3w),<\/li><li>mapa strony,<\/li><li>podkre\u015blenia element\u00f3w z linkowaniem<\/li><li>brak pu\u0142apki klawiaturowej<\/li><li>brak element\u00f3w, kt\u00f3re powoduj\u0105 gwa\u0142towne zmiany jasno\u015bci lub szybko b\u0142yskaj\u0105 na czerwono<\/li><li>brak samouruchamiaj\u0105cych si\u0119 d\u017awi\u0119k\u00f3w, kt\u00f3rych nie da si\u0119 zatrzyma\u0107<\/li><li>audiodeskrypcja oraz PJM \u2013 dla niekt\u00f3rych obiekt\u00f3w w oddzia\u0142ach muzeum (trwaj\u0105 prace nad produkcj\u0105 kolejnych)<\/li><\/ul>\n\n\n\n<p>Sporz\u0105dzono: 28 lutego 2020 r. na podstawie samooceny z wykorzystaniem \u201eListy kontrolnej do badania zgodno\u015bci stron internetowych z wymaganiami ustawy z dnia 4 kwietnia 2019 r. o dost\u0119pno\u015bci cyfrowej stron internetowych i aplikacji mobilnych podmiot\u00f3w publicznych\u201d zalecanej przez <a href=\"https:\/\/www.gov.pl\/web\/dostepnosc-cyfrowa\/jak-zbadac-czy-strona-www-jest-dostepna-cyfrowo\">gov.pl<\/a><\/p>\n\n\n\n<h3>Informacje zwrotne i dane kontaktowe<\/h3>\n\n\n\n<p>W przypadku problem\u00f3w z dost\u0119pno\u015bci\u0105 strony internetowej prosimy o kontakt: (018) 441 02 10, e-mail: <a href=\"mailto:miasteczko@muzeum.sacz.pl\">miasteczko@muzeum.sacz.pl<\/a> <\/p>\n\n\n\n<p>Informujemy, \u017ce zgodnie z ustaw\u0105 z dnia 4 kwietnia 2019 r. o dost\u0119pno\u015bci cyfrowej stron internetowych i aplikacji mobilnych podmiot\u00f3w publicznych ka\u017cdy ma prawo do wyst\u0105pienia z \u017c\u0105daniem zapewnienia dost\u0119pno\u015bci cyfrowej strony internetowej, aplikacji mobilnej lub jakiego\u015b ich elementu. Mo\u017cna tak\u017ce za\u017c\u0105da\u0107 udost\u0119pnienia informacji za pomoc\u0105 alternatywnego sposobu dost\u0119pu, na przyk\u0142ad przez odczytanie niedost\u0119pnego cyfrowo dokumentu, opisanie zawarto\u015bci filmu bez audiodeskrypcji itp. \u017b\u0105danie powinno zawiera\u0107 dane osoby zg\u0142aszaj\u0105cej \u017c\u0105danie, wskazanie, o kt\u00f3r\u0105 stron\u0119 internetow\u0105 lub aplikacj\u0119 mobiln\u0105 chodzi oraz spos\u00f3b kontaktu. Je\u017celi osoba \u017c\u0105daj\u0105ca zg\u0142asza potrzeb\u0119 otrzymania informacji za pomoc\u0105 alternatywnego sposobu dost\u0119pu, powinna tak\u017ce okre\u015bli\u0107 dogodny dla niej spos\u00f3b przedstawienia tej informacji. Podmiot publiczny powinien zrealizowa\u0107 \u017c\u0105danie niezw\u0142ocznie, nie p\u00f3\u017aniej ni\u017c w ci\u0105gu 7 dni od dnia wyst\u0105pienia z \u017c\u0105daniem. Je\u017celi dotrzymanie tego terminu nie jest mo\u017cliwe, podmiot publiczny niezw\u0142ocznie informuje o tym wnosz\u0105cego \u017c\u0105danie, kiedy realizacja \u017c\u0105dania b\u0119dzie mo\u017cliwa, przy czym termin ten nie mo\u017ce by\u0107 d\u0142u\u017cszy ni\u017c 2 miesi\u0105ce od dnia wyst\u0105pienia z \u017c\u0105daniem. Je\u017celi zapewnienie dost\u0119pno\u015bci cyfrowej nie jest mo\u017cliwe, podmiot publiczny mo\u017ce zaproponowa\u0107 alternatywny spos\u00f3b dost\u0119pu do informacji. W przypadku, gdy podmiot publiczny odm\u00f3wi realizacji \u017c\u0105dania zapewnienia dost\u0119pno\u015bci lub alternatywnego sposobu dost\u0119pu do informacji, wnosz\u0105cy \u017c\u0105danie mo\u017cne z\u0142o\u017cy\u0107 skarg\u0119 w sprawie zapewniana dost\u0119pno\u015bci cyfrowej strony internetowej, aplikacji mobilnej lub elementu strony internetowej, lub aplikacji mobilnej. Po wyczerpaniu wskazanej wy\u017cej procedury mo\u017cna tak\u017ce z\u0142o\u017cy\u0107 wniosek do Rzecznika Praw Obywatelskich:&nbsp;<a href=\"http:\/\/www.rpo.gov.pl\">www.rpo.gov.pl<\/a><\/p>\n\n\n\n<h3>Aplikacja mobilne<\/h3>\n\n\n\n<p>Android: <a href=\"https:\/\/play.google.com\/store\/apps\/details?id=pl.audiotour.miasteczkogalicyjskiemuzeaotwarte&amp;gl=PL\">https:\/\/play.google.com\/store\/apps\/details?id=pl.audiotour.miasteczkogalicyjskiemuzeaotwarte&amp;gl=PL<\/a><\/p>\n\n\n\n<p>Zaktualizowano: 9 pa\u017adziernika 2020<br>Rozmiar: 9,1M<br>Aktualna wersja: 40.0.0<br>Wymagania Androida: 4.4 i nowsze<\/p>\n\n\n\n<p>iOS: <a href=\"https:\/\/apps.apple.com\/ca\/app\/mns-miasteczko-galicyjskie\/id1533636163\">https:\/\/apps.apple.com\/ca\/app\/mns-miasteczko-galicyjskie\/id1533636163<\/a><\/p>\n\n\n\n<p>zaktualizowano: 9 pa\u017adziernika 2020<br>Rozmiar: 50,9MB<br>Wymagania systemowe: iOS 12.0 i nowsze<\/p>\n\n\n\n<hr class=\"wp-block-separator\"\/>\n\n\n\n<p>Koordynatorem dost\u0119pno\u015bci w Muzeum jest Daniel Lachor, kt\u00f3ry udzieli wszystkich niezb\u0119dnych informacji na temat udogodnie\u0144 dla os\u00f3b z niepe\u0142nosprawno\u015bciami oraz wizyty w oddzia\u0142ach Muzeum:<br>E:mail: <a href=\"mailto:d.lachor@muzeum.sacz.pl\">d.lachor@muzeum.sacz.pl<\/a><br>tel. kom. 605289154<br>tel. 18 443 77 08 w. 123, 124<\/p>\n","protected":false},"excerpt":{"rendered":"<p>Deklaracja dost\u0119pno\u015bci Muzeum Okr\u0119gowego w Nowym S\u0105czu Muzeum Okr\u0119gowe w Nowym S\u0105czu&nbsp;(w skr\u00f3cie MONS) Telefon: +48 184437708E-mail: sekretariat@muzeum.sacz.plAdres korespondencyjny: ul. Jagiello\u0144ska 56, 30-300 Nowy S\u0105cz zobowi\u0105zuje si\u0119 zapewni\u0107 dost\u0119pno\u015b\u0107 strony internetowej zgodnie z ustaw\u0105 z dnia 4 kwietnia 2019 r. o dost\u0119pno\u015bci cyfrowej stron internetowych i aplikacji mobilnych podmiot\u00f3w publicznych. O\u015bwiadczenie w sprawie dost\u0119pno\u015bci ma zastosowanie do strony internetowej oddzia\u0142u Miasteczko Galicyjskie. Data publikacji strony internetowej: 2018-01-25 Data ostatniej istotnej aktualizacji: 2021-02-19 Strona internetowa www.miasteczko-galicyjskie.pl jest cz\u0119\u015bciowo zgodna z ustaw\u0105 z dnia 4 kwietnia 2019 r. o dost\u0119pno\u015bci cyfrowej stron internetowych i aplikacji mobilnych podmiot\u00f3w publicznych\u00a0z powodu wy\u0142\u0105cze\u0144 wymienionych poni\u017cej: cz\u0119\u015b\u0107 zamieszczonych na stronie publikacje w&nbsp;formie plik\u00f3w PDF nie jest dost\u0119pna cyfrowo: zosta\u0142y opublikowane przed 2018-09-23 lub nie s\u0105 wykorzystywane do realizacji bie\u017c\u0105cych zada\u0144 MONS, cz\u0119\u015b\u0107 z&nbsp;publikowanych zdj\u0119\u0107 nie posiada opisu alternatywnego: zosta\u0142y opublikowane przed 2018-09-23 lub nie s\u0105 wykorzystywane do realizacji bie\u017c\u0105cych zada\u0144 MONS, cz\u0119\u015b\u0107 film\u00f3w i relacji wideo nie ma napis\u00f3w oraz lektora PJM:&nbsp;zosta\u0142y opublikowane przed&nbsp; wprowadzeniem takiego obowi\u0105zku. Strona posiada nast\u0119puj\u0105ce u\u0142atwienia dla os\u00f3b z niepe\u0142nosprawno\u015bciami: zmiana kontrastu (dwa rodzaje: czarno-bia\u0142y, \u017c\u00f3\u0142to-czarny), mo\u017cliwo\u015b\u0107 powi\u0119kszenia liter na stronie (osiem poziom\u00f3w), mapa strony, podkre\u015blenia element\u00f3w z linkowaniem brak pu\u0142apki klawiaturowej brak element\u00f3w, kt\u00f3re powoduj\u0105 gwa\u0142towne zmiany jasno\u015bci lub szybko b\u0142yskaj\u0105 na czerwono brak samouruchamiaj\u0105cych si\u0119 d\u017awi\u0119k\u00f3w, kt\u00f3rych nie da si\u0119 zatrzyma\u0107 audiodeskrypcja oraz PJM \u2013 dla niekt\u00f3rych obiekt\u00f3w w oddzia\u0142ach muzeum (trwaj\u0105 prace nad produkcj\u0105 kolejnych) Sporz\u0105dzono: 28 lutego 2020 r. na podstawie samooceny z wykorzystaniem \u201eListy kontrolnej do badania zgodno\u015bci stron internetowych z wymaganiami ustawy z dnia 4 kwietnia 2019 r. o dost\u0119pno\u015bci cyfrowej stron internetowych i aplikacji mobilnych podmiot\u00f3w publicznych\u201d zalecanej przez gov.pl Informacje zwrotne i dane kontaktowe W przypadku problem\u00f3w z dost\u0119pno\u015bci\u0105 strony internetowej prosimy o kontakt: (018) 441 02 10, e-mail: miasteczko@muzeum.sacz.pl Informujemy, \u017ce zgodnie z ustaw\u0105 z dnia 4 kwietnia 2019 r. o dost\u0119pno\u015bci cyfrowej stron internetowych i aplikacji mobilnych podmiot\u00f3w publicznych ka\u017cdy ma prawo do wyst\u0105pienia z \u017c\u0105daniem zapewnienia dost\u0119pno\u015bci cyfrowej strony internetowej, aplikacji mobilnej lub jakiego\u015b ich elementu. Mo\u017cna tak\u017ce za\u017c\u0105da\u0107 udost\u0119pnienia informacji za pomoc\u0105 alternatywnego sposobu dost\u0119pu, na przyk\u0142ad przez odczytanie niedost\u0119pnego cyfrowo dokumentu, opisanie zawarto\u015bci filmu bez audiodeskrypcji itp. \u017b\u0105danie powinno zawiera\u0107 dane osoby zg\u0142aszaj\u0105cej \u017c\u0105danie, wskazanie, o kt\u00f3r\u0105 stron\u0119 internetow\u0105 lub aplikacj\u0119 mobiln\u0105 chodzi oraz spos\u00f3b kontaktu. Je\u017celi osoba \u017c\u0105daj\u0105ca zg\u0142asza potrzeb\u0119 otrzymania informacji za pomoc\u0105 alternatywnego sposobu dost\u0119pu, powinna tak\u017ce okre\u015bli\u0107 dogodny dla niej spos\u00f3b przedstawienia tej informacji. Podmiot publiczny powinien zrealizowa\u0107 \u017c\u0105danie niezw\u0142ocznie, nie p\u00f3\u017aniej ni\u017c w ci\u0105gu 7 dni od dnia wyst\u0105pienia z \u017c\u0105daniem. Je\u017celi dotrzymanie tego terminu nie jest mo\u017cliwe, podmiot publiczny niezw\u0142ocznie informuje o tym wnosz\u0105cego \u017c\u0105danie, kiedy realizacja \u017c\u0105dania b\u0119dzie mo\u017cliwa, przy czym termin ten nie mo\u017ce by\u0107 d\u0142u\u017cszy ni\u017c 2 miesi\u0105ce od dnia wyst\u0105pienia z \u017c\u0105daniem. Je\u017celi zapewnienie dost\u0119pno\u015bci cyfrowej nie jest mo\u017cliwe, podmiot publiczny mo\u017ce zaproponowa\u0107 alternatywny spos\u00f3b dost\u0119pu do informacji. W przypadku, gdy podmiot publiczny odm\u00f3wi realizacji \u017c\u0105dania zapewnienia dost\u0119pno\u015bci lub alternatywnego sposobu dost\u0119pu do informacji, wnosz\u0105cy \u017c\u0105danie mo\u017cne z\u0142o\u017cy\u0107 skarg\u0119 w sprawie zapewniana dost\u0119pno\u015bci cyfrowej strony internetowej, aplikacji mobilnej lub elementu strony internetowej, lub aplikacji mobilnej. Po wyczerpaniu wskazanej wy\u017cej procedury mo\u017cna tak\u017ce z\u0142o\u017cy\u0107 wniosek do Rzecznika Praw Obywatelskich:&nbsp;www.rpo.gov.pl Aplikacja mobilne Android: https:\/\/play.google.com\/store\/apps\/details?id=pl.audiotour.miasteczkogalicyjskiemuzeaotwarte&amp;gl=PL Zaktualizowano: 9 pa\u017adziernika 2020Rozmiar: 9,1MAktualna wersja: 40.0.0Wymagania Androida: 4.4 i nowsze iOS: https:\/\/apps.apple.com\/ca\/app\/mns-miasteczko-galicyjskie\/id1533636163 zaktualizowano: 9 pa\u017adziernika 2020Rozmiar: 50,9MBWymagania systemowe: iOS 12.0 i nowsze Koordynatorem dost\u0119pno\u015bci w Muzeum jest Daniel Lachor, kt\u00f3ry udzieli wszystkich niezb\u0119dnych informacji na temat udogodnie\u0144 dla os\u00f3b z niepe\u0142nosprawno\u015bciami oraz wizyty w oddzia\u0142ach Muzeum:E:mail: d.lachor@muzeum.sacz.pltel. kom. 605289154tel. 18 443 77 08 w. 123, 124<\/p>\n","protected":false},"author":1,"featured_media":0,"parent":0,"menu_order":0,"comment_status":"closed","ping_status":"closed","template":"","meta":[],"_links":{"self":[{"href":"https:\/\/www.miasteczko-galicyjskie.pl\/index.php?rest_route=\/wp\/v2\/pages\/3944"}],"collection":[{"href":"https:\/\/www.miasteczko-galicyjskie.pl\/index.php?rest_route=\/wp\/v2\/pages"}],"about":[{"href":"https:\/\/www.miasteczko-galicyjskie.pl\/index.php?rest_route=\/wp\/v2\/types\/page"}],"author":[{"embeddable":true,"href":"https:\/\/www.miasteczko-galicyjskie.pl\/index.php?rest_route=\/wp\/v2\/users\/1"}],"replies":[{"embeddable":true,"href":"https:\/\/www.miasteczko-galicyjskie.pl\/index.php?rest_route=%2Fwp%2Fv2%2Fcomments&post=3944"}],"version-history":[{"count":2,"href":"https:\/\/www.miasteczko-galicyjskie.pl\/index.php?rest_route=\/wp\/v2\/pages\/3944\/revisions"}],"predecessor-version":[{"id":3948,"href":"https:\/\/www.miasteczko-galicyjskie.pl\/index.php?rest_route=\/wp\/v2\/pages\/3944\/revisions\/3948"}],"wp:attachment":[{"href":"https:\/\/www.miasteczko-galicyjskie.pl\/index.php?rest_route=%2Fwp%2Fv2%2Fmedia&parent=3944"}],"curies":[{"name":"wp","href":"https:\/\/api.w.org\/{rel}","templated":true}]}}