{"id":1727,"date":"2019-01-08T19:55:19","date_gmt":"2019-01-08T19:55:19","guid":{"rendered":"http:\/\/www.miasteczko-galicyjskie.pl\/?page_id=1727"},"modified":"2022-02-07T13:12:34","modified_gmt":"2022-02-07T13:12:34","slug":"pokazy-i-wystawki-jarmarczne","status":"publish","type":"page","link":"https:\/\/www.miasteczko-galicyjskie.pl\/?page_id=1727","title":{"rendered":"Jarmarki Galicyjskie"},"content":{"rendered":"<p>Wydarzenia plenerowe nawi\u0105zuj\u0105ce do tradycji jarmarcznych, rzemie\u015blniczych i handlowych miast i wsi S\u0105decczyzny, realizowane z okazji \u015awi\u0105t Wielkanocnych (Jarmark Wielkanocny) i Bo\u017cego Narodzenia (Jarmark Bo\u017conarodzeniowy), z okazji otwarcia sezonu letniego w Miasteczku Galicyjskim (Kiermasz R\u0119kodzie\u0142a Artystycznego, Jarmark kwiatowy), jako kontynuacja imprez cyklicznych, wpisanych w kalendarz Miasteczka Galicyjskiego.<\/p>\n<p>W trakcie imprez plenerowych odbywa si\u0119 prezentacja r\u0119kodzie\u0142a ludowego oraz tradycyjnych \u015bwi\u0105tecznych potraw regionalnych. Nasze jarmarki stwarzaj\u0105 tak\u017ce mo\u017cliwo\u015b\u0107 udzia\u0142u okolicznej ludno\u015bci i turyst\u00f3w w tematycznych warsztatach, pokazach i konkursach.<\/p>\n<p>Ju\u017c dzisiaj zapraszamy na tegoroczne Jarmarki w Miasteczku Galicyjskim:<\/p>\n","protected":false},"excerpt":{"rendered":"<p>Wydarzenia plenerowe nawi\u0105zuj\u0105ce do tradycji jarmarcznych, rzemie\u015blniczych i handlowych miast i wsi S\u0105decczyzny, realizowane z okazji \u015awi\u0105t Wielkanocnych (Jarmark Wielkanocny) i Bo\u017cego Narodzenia (Jarmark Bo\u017conarodzeniowy), z okazji otwarcia sezonu letniego w Miasteczku Galicyjskim (Kiermasz R\u0119kodzie\u0142a Artystycznego, Jarmark kwiatowy), jako kontynuacja imprez cyklicznych, wpisanych w kalendarz Miasteczka Galicyjskiego. W trakcie imprez plenerowych odbywa si\u0119 prezentacja r\u0119kodzie\u0142a ludowego oraz tradycyjnych \u015bwi\u0105tecznych potraw regionalnych. Nasze jarmarki stwarzaj\u0105 tak\u017ce mo\u017cliwo\u015b\u0107 udzia\u0142u okolicznej ludno\u015bci i turyst\u00f3w w tematycznych warsztatach, pokazach i konkursach. Ju\u017c dzisiaj zapraszamy na tegoroczne Jarmarki w Miasteczku Galicyjskim:<\/p>\n","protected":false},"author":1,"featured_media":0,"parent":0,"menu_order":0,"comment_status":"closed","ping_status":"closed","template":"","meta":[],"_links":{"self":[{"href":"https:\/\/www.miasteczko-galicyjskie.pl\/index.php?rest_route=\/wp\/v2\/pages\/1727"}],"collection":[{"href":"https:\/\/www.miasteczko-galicyjskie.pl\/index.php?rest_route=\/wp\/v2\/pages"}],"about":[{"href":"https:\/\/www.miasteczko-galicyjskie.pl\/index.php?rest_route=\/wp\/v2\/types\/page"}],"author":[{"embeddable":true,"href":"https:\/\/www.miasteczko-galicyjskie.pl\/index.php?rest_route=\/wp\/v2\/users\/1"}],"replies":[{"embeddable":true,"href":"https:\/\/www.miasteczko-galicyjskie.pl\/index.php?rest_route=%2Fwp%2Fv2%2Fcomments&post=1727"}],"version-history":[{"count":5,"href":"https:\/\/www.miasteczko-galicyjskie.pl\/index.php?rest_route=\/wp\/v2\/pages\/1727\/revisions"}],"predecessor-version":[{"id":3503,"href":"https:\/\/www.miasteczko-galicyjskie.pl\/index.php?rest_route=\/wp\/v2\/pages\/1727\/revisions\/3503"}],"wp:attachment":[{"href":"https:\/\/www.miasteczko-galicyjskie.pl\/index.php?rest_route=%2Fwp%2Fv2%2Fmedia&parent=1727"}],"curies":[{"name":"wp","href":"https:\/\/api.w.org\/{rel}","templated":true}]}}