{"id":1494,"date":"2018-12-13T22:23:51","date_gmt":"2018-12-13T22:23:51","guid":{"rendered":"http:\/\/www.miasteczko-galicyjskie.pl\/?page_id=1494"},"modified":"2024-04-19T12:16:30","modified_gmt":"2024-04-19T12:16:30","slug":"wynajem-sal","status":"publish","type":"page","link":"https:\/\/www.miasteczko-galicyjskie.pl\/?page_id=1494","title":{"rendered":"Wynajem sal"},"content":{"rendered":"<p>Miasteczko Galicyjskie posiada zr\u00f3\u017cnicowane pod wzgl\u0119dem wielko\u015bci, nowocze\u015bnie wyposa\u017cone sale konferencyjne i edukacyjne, zaprojektowane z my\u015bl\u0105 o r\u00f3\u017cnorodnych grupach odbiorc\u00f3w, kt\u00f3re mog\u0105 by\u0107 wykorzystywane do dzia\u0142a\u0144 o charakterze kulturalnym lub biznesowym. Sale mog\u0105 s\u0142u\u017cy\u0107 r\u00f3wnie\u017c mniejszym projektom warsztatowym, spotkaniom biznesowym lub pe\u0142ni\u0107 rol\u0119 zaplecza technicznego dla wi\u0119kszych przedsi\u0119wzi\u0119\u0107. Wynajem sal odbywa si\u0119 7 dni w tygodniu &#8211; zar\u00f3wno w dni robocze, jak i wolne od pracy, tak\u017ce w godzinach popo\u0142udniowych.<\/p>\n<p>Szczeg\u00f3\u0142owe informacje:<br \/>\ntel.: 18 441 02 10 \/ 18 444 35 70, wew. 3<br \/>\ne-mail: <a href=\"mailto:miasteczko@muzeum.sacz.pl\">miasteczko@muzeum.sacz.pl<\/a><\/p>\n<hr \/>\n<h4 style=\"text-align: center;\"><a href=\"http:\/\/www.miasteczko-galicyjskie.pl\/?page_id=1485\">SALA KONFERENCYJNO- WIDOWISKOWA<\/a><\/h4>\n<p style=\"text-align: center;\"><a href=\"http:\/\/www.miasteczko-galicyjskie.pl\/?page_id=1485\"><img loading=\"lazy\" class=\" wp-image-1488 aligncenter\" src=\"http:\/\/www.miasteczko-galicyjskie.pl\/wp-content\/uploads\/2018\/12\/5I7A8724-300x200.jpg\" alt=\"\" width=\"497\" height=\"331\" srcset=\"https:\/\/www.miasteczko-galicyjskie.pl\/wp-content\/uploads\/2018\/12\/5I7A8724-300x200.jpg 300w, https:\/\/www.miasteczko-galicyjskie.pl\/wp-content\/uploads\/2018\/12\/5I7A8724-768x512.jpg 768w, https:\/\/www.miasteczko-galicyjskie.pl\/wp-content\/uploads\/2018\/12\/5I7A8724-1024x683.jpg 1024w, https:\/\/www.miasteczko-galicyjskie.pl\/wp-content\/uploads\/2018\/12\/5I7A8724-1140x760.jpg 1140w\" sizes=\"(max-width: 497px) 100vw, 497px\" \/><\/a><\/p>\n<hr \/>\n<h4 style=\"text-align: center;\"><a href=\"http:\/\/www.miasteczko-galicyjskie.pl\/?page_id=1509\">SALA ODCZYTOWA<\/a><\/h4>\n<p><a href=\"http:\/\/www.miasteczko-galicyjskie.pl\/?page_id=1509\"><img loading=\"lazy\" class=\"alignnone  wp-image-1495 aligncenter\" src=\"http:\/\/www.miasteczko-galicyjskie.pl\/wp-content\/uploads\/2018\/12\/5I7A8729-300x200.jpg\" alt=\"\" width=\"491\" height=\"327\" srcset=\"https:\/\/www.miasteczko-galicyjskie.pl\/wp-content\/uploads\/2018\/12\/5I7A8729-300x200.jpg 300w, https:\/\/www.miasteczko-galicyjskie.pl\/wp-content\/uploads\/2018\/12\/5I7A8729-768x512.jpg 768w, https:\/\/www.miasteczko-galicyjskie.pl\/wp-content\/uploads\/2018\/12\/5I7A8729-1024x683.jpg 1024w, https:\/\/www.miasteczko-galicyjskie.pl\/wp-content\/uploads\/2018\/12\/5I7A8729-1140x760.jpg 1140w\" sizes=\"(max-width: 491px) 100vw, 491px\" \/><\/a><\/p>\n<hr \/>\n<p>Mamy nadziej\u0119, \u017ce wyj\u0105tkowy koloryt tego miejsca i jego potencja\u0142 kulturotw\u00f3rczy podnios\u0105 warto\u015b\u0107 organizowanych w przestrzeniach Miasteczka projekt\u00f3w, a mo\u017cliwo\u015b\u0107 zwiedzenia ekspozycji stanowi\u0107 b\u0119dzie warto\u015b\u0107 dodan\u0105 dla uczestnik\u00f3w odbywaj\u0105cych si\u0119 tutaj wydarze\u0144.<\/p>\n","protected":false},"excerpt":{"rendered":"<p>Miasteczko Galicyjskie posiada zr\u00f3\u017cnicowane pod wzgl\u0119dem wielko\u015bci, nowocze\u015bnie wyposa\u017cone sale konferencyjne i edukacyjne, zaprojektowane z my\u015bl\u0105 o r\u00f3\u017cnorodnych grupach odbiorc\u00f3w, kt\u00f3re mog\u0105 by\u0107 wykorzystywane do dzia\u0142a\u0144 o charakterze kulturalnym lub biznesowym. Sale mog\u0105 s\u0142u\u017cy\u0107 r\u00f3wnie\u017c mniejszym projektom warsztatowym, spotkaniom biznesowym lub pe\u0142ni\u0107 rol\u0119 zaplecza technicznego dla wi\u0119kszych przedsi\u0119wzi\u0119\u0107. Wynajem sal odbywa si\u0119 7 dni w tygodniu &#8211; zar\u00f3wno w dni robocze, jak i wolne od pracy, tak\u017ce w godzinach popo\u0142udniowych. Szczeg\u00f3\u0142owe informacje: tel.: 18 441 02 10 \/ 18 444 35 70, wew. 3 e-mail: miasteczko@muzeum.sacz.pl SALA KONFERENCYJNO- WIDOWISKOWA SALA ODCZYTOWA Mamy nadziej\u0119, \u017ce wyj\u0105tkowy koloryt tego miejsca i jego potencja\u0142 kulturotw\u00f3rczy podnios\u0105 warto\u015b\u0107 organizowanych w przestrzeniach Miasteczka projekt\u00f3w, a mo\u017cliwo\u015b\u0107 zwiedzenia ekspozycji stanowi\u0107 b\u0119dzie warto\u015b\u0107 dodan\u0105 dla uczestnik\u00f3w odbywaj\u0105cych si\u0119 tutaj wydarze\u0144.<\/p>\n","protected":false},"author":1,"featured_media":0,"parent":0,"menu_order":0,"comment_status":"closed","ping_status":"closed","template":"","meta":[],"_links":{"self":[{"href":"https:\/\/www.miasteczko-galicyjskie.pl\/index.php?rest_route=\/wp\/v2\/pages\/1494"}],"collection":[{"href":"https:\/\/www.miasteczko-galicyjskie.pl\/index.php?rest_route=\/wp\/v2\/pages"}],"about":[{"href":"https:\/\/www.miasteczko-galicyjskie.pl\/index.php?rest_route=\/wp\/v2\/types\/page"}],"author":[{"embeddable":true,"href":"https:\/\/www.miasteczko-galicyjskie.pl\/index.php?rest_route=\/wp\/v2\/users\/1"}],"replies":[{"embeddable":true,"href":"https:\/\/www.miasteczko-galicyjskie.pl\/index.php?rest_route=%2Fwp%2Fv2%2Fcomments&post=1494"}],"version-history":[{"count":10,"href":"https:\/\/www.miasteczko-galicyjskie.pl\/index.php?rest_route=\/wp\/v2\/pages\/1494\/revisions"}],"predecessor-version":[{"id":4633,"href":"https:\/\/www.miasteczko-galicyjskie.pl\/index.php?rest_route=\/wp\/v2\/pages\/1494\/revisions\/4633"}],"wp:attachment":[{"href":"https:\/\/www.miasteczko-galicyjskie.pl\/index.php?rest_route=%2Fwp%2Fv2%2Fmedia&parent=1494"}],"curies":[{"name":"wp","href":"https:\/\/api.w.org\/{rel}","templated":true}]}}