{"id":1468,"date":"2018-12-13T21:32:09","date_gmt":"2018-12-13T21:32:09","guid":{"rendered":"http:\/\/www.miasteczko-galicyjskie.pl\/?page_id=1468"},"modified":"2022-11-03T08:16:15","modified_gmt":"2022-11-03T08:16:15","slug":"miasteczko-bez-barier","status":"publish","type":"page","link":"https:\/\/www.miasteczko-galicyjskie.pl\/?page_id=1468","title":{"rendered":"Bez barier"},"content":{"rendered":"<p class=\"cufont\" style=\"text-align: center;\">Miasteczko Galicyjskie w Nowym S\u0105czu dok\u0142ada wszelkich stara\u0144, aby by\u0107 miejscem dost\u0119pnym i przyjaznym dla wszystkich, gdy\u017c ka\u017cdy ma prawo do r\u00f3wnego uczestnictwa w kulturze.<\/p>\n<p class=\"cufont\"><strong>Czytaj wi\u0119cej:<br \/>\n<\/strong><\/p>\n<p><a href=\"http:\/\/muzeum.sacz.pl\/o-muzeum\/dla-niepelnosprawnych\/dla-niepelnosprawnych-miasteczko-galicyjskie\/\">DOST\u0118PNO\u015a\u0106 &#8211; MIASTECZKO GALICYJSKIE<\/a><\/p>\n<p><a href=\"http:\/\/www.miasteczko-galicyjskie.pl\/?page_id=3944\">DEKLARACJA DOST\u0118PNO\u015aCI<\/a><\/p>\n<p class=\"cufont\"><a href=\"http:\/\/muzeum.sacz.pl\/o-muzeum\/dla-niepelnosprawnych\/dla-niepelnosprawnych-miasteczko-galicyjskie\/\"><img loading=\"lazy\" class=\"size-full wp-image-12026 alignleft\" src=\"http:\/\/muzeum.sacz.pl\/wp-content\/uploads\/2017\/11\/kultura_wrazliwa.jpg\" alt=\"\" width=\"400\" height=\"217\" \/><\/a><\/p>\n","protected":false},"excerpt":{"rendered":"<p>Miasteczko Galicyjskie w Nowym S\u0105czu dok\u0142ada wszelkich stara\u0144, aby by\u0107 miejscem dost\u0119pnym i przyjaznym dla wszystkich, gdy\u017c ka\u017cdy ma prawo do r\u00f3wnego uczestnictwa w kulturze. Czytaj wi\u0119cej: DOST\u0118PNO\u015a\u0106 &#8211; MIASTECZKO GALICYJSKIE DEKLARACJA DOST\u0118PNO\u015aCI<\/p>\n","protected":false},"author":1,"featured_media":0,"parent":0,"menu_order":0,"comment_status":"closed","ping_status":"closed","template":"","meta":[],"_links":{"self":[{"href":"https:\/\/www.miasteczko-galicyjskie.pl\/index.php?rest_route=\/wp\/v2\/pages\/1468"}],"collection":[{"href":"https:\/\/www.miasteczko-galicyjskie.pl\/index.php?rest_route=\/wp\/v2\/pages"}],"about":[{"href":"https:\/\/www.miasteczko-galicyjskie.pl\/index.php?rest_route=\/wp\/v2\/types\/page"}],"author":[{"embeddable":true,"href":"https:\/\/www.miasteczko-galicyjskie.pl\/index.php?rest_route=\/wp\/v2\/users\/1"}],"replies":[{"embeddable":true,"href":"https:\/\/www.miasteczko-galicyjskie.pl\/index.php?rest_route=%2Fwp%2Fv2%2Fcomments&post=1468"}],"version-history":[{"count":15,"href":"https:\/\/www.miasteczko-galicyjskie.pl\/index.php?rest_route=\/wp\/v2\/pages\/1468\/revisions"}],"predecessor-version":[{"id":3946,"href":"https:\/\/www.miasteczko-galicyjskie.pl\/index.php?rest_route=\/wp\/v2\/pages\/1468\/revisions\/3946"}],"wp:attachment":[{"href":"https:\/\/www.miasteczko-galicyjskie.pl\/index.php?rest_route=%2Fwp%2Fv2%2Fmedia&parent=1468"}],"curies":[{"name":"wp","href":"https:\/\/api.w.org\/{rel}","templated":true}]}}