{"id":1326,"date":"2018-12-06T22:28:15","date_gmt":"2018-12-06T22:28:15","guid":{"rendered":"http:\/\/www.miasteczko-galicyjskie.pl\/?page_id=1326"},"modified":"2021-12-07T11:32:24","modified_gmt":"2021-12-07T11:32:24","slug":"program","status":"publish","type":"page","link":"https:\/\/www.miasteczko-galicyjskie.pl\/?page_id=1326","title":{"rendered":"PROGRAM"},"content":{"rendered":"<h5 style=\"text-align: center;\">Jarmark Bo\u017conarodzeniowy w Miasteczku Galicyjskim<\/h5>\n<p class=\"cufont\"><strong>10.30<\/strong>\u00a0\u00a0\u00a0 Oficjalne otwarcie Jarmarku, Przywitanie \u015aw. Miko\u0142aja<\/p>\n<p class=\"cufont\"><strong>11.00<\/strong>\u00a0 \u00a0 Koncert pie\u015bni bo\u017conarodzeniowych \u2013 Orkiestra D\u0119ta Mystk\u00f3w<\/p>\n<p class=\"cufont\"><strong>11.30<\/strong>\u00a0\u00a0 \u015acie\u017cka renifera \u2013 gra terenowa dla dzieci<\/p>\n<p class=\"cufont\"><strong>12.00<\/strong>\u00a0\u00a0 Koncert pie\u015bni bo\u017conarodzeniowych \u2013 Orkiestra D\u0119ta Mystk\u00f3w<\/p>\n<p class=\"cufont\"><strong>13.00<\/strong>\u00a0 \u00a0\u00a0Konkurs \u201eNagrody za kupony\u201d \u2013 og\u0142oszenie wynik\u00f3w cz. 1<\/p>\n<p class=\"cufont\"><strong>13.30\u00a0<\/strong>\u00a0\u00a0 Spektakl dla dzieci \u201eFabryka \u015bniegu\u201d \u2013 Teatr Trip <strong>(5 z\u0142 od osoby)<\/strong><\/p>\n<p class=\"cufont\"><strong>14.30<\/strong> \u2013 Widowisko \u201ePo kolendzie idom Droby\u201d \u2013 Zesp\u00f3\u0142 Regionalny Lipniczanie<\/p>\n<p class=\"cufont\"><strong>15.00<\/strong>\u00a0\u00a0\u00a0 Konkurs \u201eNagrody za kupony\u201d \u2013 og\u0142oszenie wynik\u00f3w cz. 2<\/p>\n<p class=\"cufont\"><strong>15.30<\/strong>\u00a0\u00a0\u00a0 Po\u017cegnanie \u015aw. Miko\u0142aja<\/p>\n<p class=\"cufont\"><strong>16.00<\/strong>\u00a0\u00a0\u00a0 Zako\u0144czenie Jarmarku<\/p>\n<p class=\"cufont\">\n<p class=\"cufont\"><strong>11:00 \u2013 16:00<\/strong> \u2013 Warsztaty artystyczne: <strong>(10 z\u0142 za pakiet)<\/strong><\/p>\n<ul>\n<li class=\"cufont\">\u201eTradycyjny \u0142a\u0144cuch choinkowy\u201d (Galeria Paszy\u0144ska)<\/li>\n<li class=\"cufont\">\u201eLe\u015bne ozdoby \u015bwi\u0105teczne\u201d (Galeria Ratuszowa)<\/li>\n<li class=\"cufont\">\u201eDekorowanie piernik\u00f3w \u015bwi\u0105tecznych\u201d (Cukiernia)<\/li>\n<\/ul>\n<p class=\"cufont\">\n<p class=\"cufont\"><strong>Ponadto:<\/strong><\/p>\n<p class=\"cufont\">\u017bywe choinki (Nadle\u015bnictwo Stary S\u0105cz)<br \/>\nPami\u0105tkowe sesje \u015bwi\u0105teczne w Pracowni Fotografa w wykonaniu Doroty Ru\u015bniak<br \/>\n\u017bywa szopka<br \/>\nPoczta Galicyjska,<br \/>\n\u015awi\u0105teczne wypieki, pieczywo<br \/>\nRegionalne w\u0119dliny, dania wigilijne, przetwory owocowe, miody,<br \/>\nAromatyczne grzane wino, s\u0142odkie pierniki<br \/>\nPodarunki, artyku\u0142y dekoracyjne<\/p>\n<p>WST\u0118P BEZP\u0141ATNY<\/p>\n<p>Serdecznie zapraszamy!!!<br \/>\nJarmark Bo\u017conarodzeniowy w Miasteczku Galicyjskim.<br \/>\n19 grudnia 2021 r., godz. od 10:00 do 16:00.<\/p>\n","protected":false},"excerpt":{"rendered":"<p>Jarmark Bo\u017conarodzeniowy w Miasteczku Galicyjskim 10.30\u00a0\u00a0\u00a0 Oficjalne otwarcie Jarmarku, Przywitanie \u015aw. Miko\u0142aja 11.00\u00a0 \u00a0 Koncert pie\u015bni bo\u017conarodzeniowych \u2013 Orkiestra D\u0119ta Mystk\u00f3w 11.30\u00a0\u00a0 \u015acie\u017cka renifera \u2013 gra terenowa dla dzieci 12.00\u00a0\u00a0 Koncert pie\u015bni bo\u017conarodzeniowych \u2013 Orkiestra D\u0119ta Mystk\u00f3w 13.00\u00a0 \u00a0\u00a0Konkurs \u201eNagrody za kupony\u201d \u2013 og\u0142oszenie wynik\u00f3w cz. 1 13.30\u00a0\u00a0\u00a0 Spektakl dla dzieci \u201eFabryka \u015bniegu\u201d \u2013 Teatr Trip (5 z\u0142 od osoby) 14.30 \u2013 Widowisko \u201ePo kolendzie idom Droby\u201d \u2013 Zesp\u00f3\u0142 Regionalny Lipniczanie 15.00\u00a0\u00a0\u00a0 Konkurs \u201eNagrody za kupony\u201d \u2013 og\u0142oszenie wynik\u00f3w cz. 2 15.30\u00a0\u00a0\u00a0 Po\u017cegnanie \u015aw. Miko\u0142aja 16.00\u00a0\u00a0\u00a0 Zako\u0144czenie Jarmarku 11:00 \u2013 16:00 \u2013 Warsztaty artystyczne: (10 z\u0142 za pakiet) \u201eTradycyjny \u0142a\u0144cuch choinkowy\u201d (Galeria Paszy\u0144ska) \u201eLe\u015bne ozdoby \u015bwi\u0105teczne\u201d (Galeria Ratuszowa) \u201eDekorowanie piernik\u00f3w \u015bwi\u0105tecznych\u201d (Cukiernia) Ponadto: \u017bywe choinki (Nadle\u015bnictwo Stary S\u0105cz) Pami\u0105tkowe sesje \u015bwi\u0105teczne w Pracowni Fotografa w wykonaniu Doroty Ru\u015bniak \u017bywa szopka Poczta Galicyjska, \u015awi\u0105teczne wypieki, pieczywo Regionalne w\u0119dliny, dania wigilijne, przetwory owocowe, miody, Aromatyczne grzane wino, s\u0142odkie pierniki Podarunki, artyku\u0142y dekoracyjne WST\u0118P BEZP\u0141ATNY Serdecznie zapraszamy!!! Jarmark Bo\u017conarodzeniowy w Miasteczku Galicyjskim. 19 grudnia 2021 r., godz. od 10:00 do 16:00.<\/p>\n","protected":false},"author":1,"featured_media":0,"parent":0,"menu_order":0,"comment_status":"closed","ping_status":"closed","template":"","meta":[],"_links":{"self":[{"href":"https:\/\/www.miasteczko-galicyjskie.pl\/index.php?rest_route=\/wp\/v2\/pages\/1326"}],"collection":[{"href":"https:\/\/www.miasteczko-galicyjskie.pl\/index.php?rest_route=\/wp\/v2\/pages"}],"about":[{"href":"https:\/\/www.miasteczko-galicyjskie.pl\/index.php?rest_route=\/wp\/v2\/types\/page"}],"author":[{"embeddable":true,"href":"https:\/\/www.miasteczko-galicyjskie.pl\/index.php?rest_route=\/wp\/v2\/users\/1"}],"replies":[{"embeddable":true,"href":"https:\/\/www.miasteczko-galicyjskie.pl\/index.php?rest_route=%2Fwp%2Fv2%2Fcomments&post=1326"}],"version-history":[{"count":4,"href":"https:\/\/www.miasteczko-galicyjskie.pl\/index.php?rest_route=\/wp\/v2\/pages\/1326\/revisions"}],"predecessor-version":[{"id":3374,"href":"https:\/\/www.miasteczko-galicyjskie.pl\/index.php?rest_route=\/wp\/v2\/pages\/1326\/revisions\/3374"}],"wp:attachment":[{"href":"https:\/\/www.miasteczko-galicyjskie.pl\/index.php?rest_route=%2Fwp%2Fv2%2Fmedia&parent=1326"}],"curies":[{"name":"wp","href":"https:\/\/api.w.org\/{rel}","templated":true}]}}