{"id":1311,"date":"2018-12-06T22:04:44","date_gmt":"2018-12-06T22:04:44","guid":{"rendered":"http:\/\/www.miasteczko-galicyjskie.pl\/?page_id=1311"},"modified":"2025-11-13T13:15:21","modified_gmt":"2025-11-13T13:15:21","slug":"tradycyjne-smaki","status":"publish","type":"page","link":"https:\/\/www.miasteczko-galicyjskie.pl\/?page_id=1311","title":{"rendered":"TRADYCYJNE SMAKI"},"content":{"rendered":"<h5 style=\"text-align: center;\"><\/h5>\n<p>Na Galicyjskim Jarmarku Bo\u017conarodzeniowym zago\u015bci <strong>moc pyszno\u015bci<\/strong>. Na \u015bwi\u0105tecznych stoiskach znajd\u0105 Pa\u0144stwo <strong>s\u0142odkie pierniki<\/strong> i inne \u015bwi\u0105teczne wypieki, oraz pieczywo, <strong>potrawy wigilijne<\/strong>, przetwory owocowe, miody, d\u017cemy, soki i syropy.<\/p>\n<p>Smakosze<strong> swojskich w\u0119dlin<\/strong> b\u0119d\u0105 mogli nie tylko zakupi\u0107 te przysmaki, ale tak\u017ce zobaczy\u0107 jak si\u0119 je robi. Na rynku stanie bowiem tradycyjna w\u0119dzarnia, w kt\u00f3rej kie\u0142basom i szynkom nadaje si\u0119 wyborny olchowy i ja\u0142owcowy aromat.<\/p>\n<p>Na galicyjskim rynku b\u0119dzie mo\u017cna si\u0119 ogrza\u0107 <strong>korzennym grza\u0144cem<\/strong>, cytrusow\u0105 herbat\u0105 czy tradycyjnym <strong>czerwonym barszczem<\/strong>.<\/p>\n<div id='gallery-1' class='gallery galleryid-1311 gallery-columns-2 gallery-size-full'><figure class='gallery-item'>\n\t\t\t<div class='gallery-icon landscape'>\n\t\t\t\t<a href='https:\/\/www.miasteczko-galicyjskie.pl\/wp-content\/uploads\/2018\/12\/kapusta-wigilijna.jpg'><img width=\"1600\" height=\"1060\" src=\"https:\/\/www.miasteczko-galicyjskie.pl\/wp-content\/uploads\/2018\/12\/kapusta-wigilijna.jpg\" class=\"attachment-full size-full\" alt=\"\" loading=\"lazy\" srcset=\"https:\/\/www.miasteczko-galicyjskie.pl\/wp-content\/uploads\/2018\/12\/kapusta-wigilijna.jpg 1600w, https:\/\/www.miasteczko-galicyjskie.pl\/wp-content\/uploads\/2018\/12\/kapusta-wigilijna-300x199.jpg 300w, https:\/\/www.miasteczko-galicyjskie.pl\/wp-content\/uploads\/2018\/12\/kapusta-wigilijna-768x509.jpg 768w, https:\/\/www.miasteczko-galicyjskie.pl\/wp-content\/uploads\/2018\/12\/kapusta-wigilijna-1024x678.jpg 1024w, https:\/\/www.miasteczko-galicyjskie.pl\/wp-content\/uploads\/2018\/12\/kapusta-wigilijna-1140x755.jpg 1140w, https:\/\/www.miasteczko-galicyjskie.pl\/wp-content\/uploads\/2018\/12\/kapusta-wigilijna-500x330.jpg 500w\" sizes=\"(max-width: 1600px) 100vw, 1600px\" \/><\/a>\n\t\t\t<\/div><\/figure><figure class='gallery-item'>\n\t\t\t<div class='gallery-icon landscape'>\n\t\t\t\t<a href='https:\/\/www.miasteczko-galicyjskie.pl\/wp-content\/uploads\/2018\/12\/JB3.jpg'><img width=\"1150\" height=\"766\" src=\"https:\/\/www.miasteczko-galicyjskie.pl\/wp-content\/uploads\/2018\/12\/JB3.jpg\" class=\"attachment-full size-full\" alt=\"\" loading=\"lazy\" srcset=\"https:\/\/www.miasteczko-galicyjskie.pl\/wp-content\/uploads\/2018\/12\/JB3.jpg 1150w, https:\/\/www.miasteczko-galicyjskie.pl\/wp-content\/uploads\/2018\/12\/JB3-300x200.jpg 300w, https:\/\/www.miasteczko-galicyjskie.pl\/wp-content\/uploads\/2018\/12\/JB3-768x512.jpg 768w, https:\/\/www.miasteczko-galicyjskie.pl\/wp-content\/uploads\/2018\/12\/JB3-1024x682.jpg 1024w, https:\/\/www.miasteczko-galicyjskie.pl\/wp-content\/uploads\/2018\/12\/JB3-1140x759.jpg 1140w\" sizes=\"(max-width: 1150px) 100vw, 1150px\" \/><\/a>\n\t\t\t<\/div><\/figure><figure class='gallery-item'>\n\t\t\t<div class='gallery-icon landscape'>\n\t\t\t\t<a href='https:\/\/www.miasteczko-galicyjskie.pl\/wp-content\/uploads\/2018\/12\/EDYSK_2-artykuly_nowe7-132035714.jpg'><img width=\"725\" height=\"483\" src=\"https:\/\/www.miasteczko-galicyjskie.pl\/wp-content\/uploads\/2018\/12\/EDYSK_2-artykuly_nowe7-132035714.jpg\" class=\"attachment-full size-full\" alt=\"\" loading=\"lazy\" srcset=\"https:\/\/www.miasteczko-galicyjskie.pl\/wp-content\/uploads\/2018\/12\/EDYSK_2-artykuly_nowe7-132035714.jpg 725w, https:\/\/www.miasteczko-galicyjskie.pl\/wp-content\/uploads\/2018\/12\/EDYSK_2-artykuly_nowe7-132035714-300x200.jpg 300w\" sizes=\"(max-width: 725px) 100vw, 725px\" \/><\/a>\n\t\t\t<\/div><\/figure><figure class='gallery-item'>\n\t\t\t<div class='gallery-icon landscape'>\n\t\t\t\t<a href='https:\/\/www.miasteczko-galicyjskie.pl\/wp-content\/uploads\/2018\/12\/Jarmark-2017_12.jpg'><img width=\"800\" height=\"533\" src=\"https:\/\/www.miasteczko-galicyjskie.pl\/wp-content\/uploads\/2018\/12\/Jarmark-2017_12.jpg\" class=\"attachment-full size-full\" alt=\"\" loading=\"lazy\" srcset=\"https:\/\/www.miasteczko-galicyjskie.pl\/wp-content\/uploads\/2018\/12\/Jarmark-2017_12.jpg 800w, https:\/\/www.miasteczko-galicyjskie.pl\/wp-content\/uploads\/2018\/12\/Jarmark-2017_12-300x200.jpg 300w, https:\/\/www.miasteczko-galicyjskie.pl\/wp-content\/uploads\/2018\/12\/Jarmark-2017_12-768x512.jpg 768w\" sizes=\"(max-width: 800px) 100vw, 800px\" \/><\/a>\n\t\t\t<\/div><\/figure>\n\t\t<\/div>\n\n<p>Serdecznie zapraszamy!!!<br \/>\nJarmark Bo\u017conarodzeniowy w Miasteczku Galicyjskim.<br \/>\n21 grudnia 2025 r., godz. od 10:00 do 16:00.<\/p>\n","protected":false},"excerpt":{"rendered":"<p>Na Galicyjskim Jarmarku Bo\u017conarodzeniowym zago\u015bci moc pyszno\u015bci. Na \u015bwi\u0105tecznych stoiskach znajd\u0105 Pa\u0144stwo s\u0142odkie pierniki i inne \u015bwi\u0105teczne wypieki, oraz pieczywo, potrawy wigilijne, przetwory owocowe, miody, d\u017cemy, soki i syropy. Smakosze swojskich w\u0119dlin b\u0119d\u0105 mogli nie tylko zakupi\u0107 te przysmaki, ale tak\u017ce zobaczy\u0107 jak si\u0119 je robi. Na rynku stanie bowiem tradycyjna w\u0119dzarnia, w kt\u00f3rej kie\u0142basom i szynkom nadaje si\u0119 wyborny olchowy i ja\u0142owcowy aromat. Na galicyjskim rynku b\u0119dzie mo\u017cna si\u0119 ogrza\u0107 korzennym grza\u0144cem, cytrusow\u0105 herbat\u0105 czy tradycyjnym czerwonym barszczem. Serdecznie zapraszamy!!! Jarmark Bo\u017conarodzeniowy w Miasteczku Galicyjskim. 21 grudnia 2025 r., godz. od 10:00 do 16:00.<\/p>\n","protected":false},"author":1,"featured_media":0,"parent":0,"menu_order":0,"comment_status":"closed","ping_status":"closed","template":"","meta":[],"_links":{"self":[{"href":"https:\/\/www.miasteczko-galicyjskie.pl\/index.php?rest_route=\/wp\/v2\/pages\/1311"}],"collection":[{"href":"https:\/\/www.miasteczko-galicyjskie.pl\/index.php?rest_route=\/wp\/v2\/pages"}],"about":[{"href":"https:\/\/www.miasteczko-galicyjskie.pl\/index.php?rest_route=\/wp\/v2\/types\/page"}],"author":[{"embeddable":true,"href":"https:\/\/www.miasteczko-galicyjskie.pl\/index.php?rest_route=\/wp\/v2\/users\/1"}],"replies":[{"embeddable":true,"href":"https:\/\/www.miasteczko-galicyjskie.pl\/index.php?rest_route=%2Fwp%2Fv2%2Fcomments&post=1311"}],"version-history":[{"count":14,"href":"https:\/\/www.miasteczko-galicyjskie.pl\/index.php?rest_route=\/wp\/v2\/pages\/1311\/revisions"}],"predecessor-version":[{"id":5222,"href":"https:\/\/www.miasteczko-galicyjskie.pl\/index.php?rest_route=\/wp\/v2\/pages\/1311\/revisions\/5222"}],"wp:attachment":[{"href":"https:\/\/www.miasteczko-galicyjskie.pl\/index.php?rest_route=%2Fwp%2Fv2%2Fmedia&parent=1311"}],"curies":[{"name":"wp","href":"https:\/\/api.w.org\/{rel}","templated":true}]}}

<h5 style="text-align: center;"></h5>
<p>Na Galicyjskim Jarmarku Bożonarodzeniowym zagości <strong>moc pyszności</strong>. Na świątecznych stoiskach znajdą Państwo <strong>słodkie pierniki</strong> i inne świąteczne wypieki, oraz pieczywo, <strong>potrawy wigilijne</strong>, przetwory owocowe, miody, dżemy, soki i syropy.</p>
<p>Smakosze<strong> swojskich wędlin</strong> będą mogli nie tylko zakupić te przysmaki, ale także zobaczyć jak się je robi. Na rynku stanie bowiem tradycyjna wędzarnia, w której kiełbasom i szynkom nadaje się wyborny olchowy i jałowcowy aromat.</p>
<p>Na galicyjskim rynku będzie można się ogrzać <strong>korzennym grzańcem</strong>, cytrusową herbatą czy tradycyjnym <strong>czerwonym barszczem</strong>.</p>
<div id='gallery-1' class='gallery galleryid-1311 gallery-columns-2 gallery-size-full'><figure class='gallery-item'>
			<div class='gallery-icon landscape'>
				<a href='https://www.miasteczko-galicyjskie.pl/wp-content/uploads/2018/12/kapusta-wigilijna.jpg'><img width="1600" height="1060" src="https://www.miasteczko-galicyjskie.pl/wp-content/uploads/2018/12/kapusta-wigilijna.jpg" class="attachment-full size-full" alt="" loading="lazy" srcset="https://www.miasteczko-galicyjskie.pl/wp-content/uploads/2018/12/kapusta-wigilijna.jpg 1600w, https://www.miasteczko-galicyjskie.pl/wp-content/uploads/2018/12/kapusta-wigilijna-300x199.jpg 300w, https://www.miasteczko-galicyjskie.pl/wp-content/uploads/2018/12/kapusta-wigilijna-768x509.jpg 768w, https://www.miasteczko-galicyjskie.pl/wp-content/uploads/2018/12/kapusta-wigilijna-1024x678.jpg 1024w, https://www.miasteczko-galicyjskie.pl/wp-content/uploads/2018/12/kapusta-wigilijna-1140x755.jpg 1140w, https://www.miasteczko-galicyjskie.pl/wp-content/uploads/2018/12/kapusta-wigilijna-500x330.jpg 500w" sizes="(max-width: 1600px) 100vw, 1600px" /></a>
			</div></figure><figure class='gallery-item'>
			<div class='gallery-icon landscape'>
				<a href='https://www.miasteczko-galicyjskie.pl/wp-content/uploads/2018/12/JB3.jpg'><img width="1150" height="766" src="https://www.miasteczko-galicyjskie.pl/wp-content/uploads/2018/12/JB3.jpg" class="attachment-full size-full" alt="" loading="lazy" srcset="https://www.miasteczko-galicyjskie.pl/wp-content/uploads/2018/12/JB3.jpg 1150w, https://www.miasteczko-galicyjskie.pl/wp-content/uploads/2018/12/JB3-300x200.jpg 300w, https://www.miasteczko-galicyjskie.pl/wp-content/uploads/2018/12/JB3-768x512.jpg 768w, https://www.miasteczko-galicyjskie.pl/wp-content/uploads/2018/12/JB3-1024x682.jpg 1024w, https://www.miasteczko-galicyjskie.pl/wp-content/uploads/2018/12/JB3-1140x759.jpg 1140w" sizes="(max-width: 1150px) 100vw, 1150px" /></a>
			</div></figure><figure class='gallery-item'>
			<div class='gallery-icon landscape'>
				<a href='https://www.miasteczko-galicyjskie.pl/wp-content/uploads/2018/12/EDYSK_2-artykuly_nowe7-132035714.jpg'><img width="725" height="483" src="https://www.miasteczko-galicyjskie.pl/wp-content/uploads/2018/12/EDYSK_2-artykuly_nowe7-132035714.jpg" class="attachment-full size-full" alt="" loading="lazy" srcset="https://www.miasteczko-galicyjskie.pl/wp-content/uploads/2018/12/EDYSK_2-artykuly_nowe7-132035714.jpg 725w, https://www.miasteczko-galicyjskie.pl/wp-content/uploads/2018/12/EDYSK_2-artykuly_nowe7-132035714-300x200.jpg 300w" sizes="(max-width: 725px) 100vw, 725px" /></a>
			</div></figure><figure class='gallery-item'>
			<div class='gallery-icon landscape'>
				<a href='https://www.miasteczko-galicyjskie.pl/wp-content/uploads/2018/12/Jarmark-2017_12.jpg'><img width="800" height="533" src="https://www.miasteczko-galicyjskie.pl/wp-content/uploads/2018/12/Jarmark-2017_12.jpg" class="attachment-full size-full" alt="" loading="lazy" srcset="https://www.miasteczko-galicyjskie.pl/wp-content/uploads/2018/12/Jarmark-2017_12.jpg 800w, https://www.miasteczko-galicyjskie.pl/wp-content/uploads/2018/12/Jarmark-2017_12-300x200.jpg 300w, https://www.miasteczko-galicyjskie.pl/wp-content/uploads/2018/12/Jarmark-2017_12-768x512.jpg 768w" sizes="(max-width: 800px) 100vw, 800px" /></a>
			</div></figure>
		</div>

<p>Serdecznie zapraszamy!!!<br />
Jarmark Bożonarodzeniowy w Miasteczku Galicyjskim.<br />
21 grudnia 2025 r., godz. od 10:00 do 16:00.</p>

<p>Na Galicyjskim Jarmarku Bożonarodzeniowym zagości moc pyszności. Na świątecznych stoiskach znajdą Państwo słodkie pierniki i inne świąteczne wypieki, oraz pieczywo, potrawy wigilijne, przetwory owocowe, miody, dżemy, soki i syropy. Smakosze swojskich wędlin będą mogli nie tylko zakupić te przysmaki, ale także zobaczyć jak się je robi. Na rynku stanie bowiem tradycyjna wędzarnia, w której kiełbasom i szynkom nadaje się wyborny olchowy i jałowcowy aromat. Na galicyjskim rynku będzie można się ogrzać korzennym grzańcem, cytrusową herbatą czy tradycyjnym czerwonym barszczem. Serdecznie zapraszamy!!! Jarmark Bożonarodzeniowy w Miasteczku Galicyjskim. 21 grudnia 2025 r., godz. od 10:00 do 16:00.</p>
