{"id":130,"date":"2018-06-28T17:40:54","date_gmt":"2018-06-28T17:40:54","guid":{"rendered":"http:\/\/www.miasteczko-galicyjskie.pl\/?page_id=130"},"modified":"2024-04-24T11:05:53","modified_gmt":"2024-04-24T11:05:53","slug":"oferta-komercyjna","status":"publish","type":"page","link":"https:\/\/www.miasteczko-galicyjskie.pl\/?page_id=130","title":{"rendered":"Us\u0142ugi"},"content":{"rendered":"\n<div style=\"height:40px\" aria-hidden=\"true\" class=\"wp-block-spacer\"><\/div>\n\n\n<h6 style=\"text-align: center;\"><a href=\"https:\/\/miasteczkogalicyjskie.pl\/\">KAWIARNIA &#8211; KARCZMA &#8211; HOTEL<\/a><\/h6>\n\n\n<div class=\"wp-block-image is-style-default\"><figure class=\"aligncenter size-large is-resized\"><a href=\"https:\/\/miasteczkogalicyjskie.pl\/\"><img loading=\"lazy\" src=\"http:\/\/www.miasteczko-galicyjskie.pl\/wp-content\/uploads\/2024\/04\/Wersja-pozioma_Nova.Galicja-1024x233.png\" alt=\"\" class=\"wp-image-4639\" width=\"541\" height=\"122\" srcset=\"https:\/\/www.miasteczko-galicyjskie.pl\/wp-content\/uploads\/2024\/04\/Wersja-pozioma_Nova.Galicja-1024x233.png 1024w, https:\/\/www.miasteczko-galicyjskie.pl\/wp-content\/uploads\/2024\/04\/Wersja-pozioma_Nova.Galicja-300x68.png 300w, https:\/\/www.miasteczko-galicyjskie.pl\/wp-content\/uploads\/2024\/04\/Wersja-pozioma_Nova.Galicja-768x174.png 768w, https:\/\/www.miasteczko-galicyjskie.pl\/wp-content\/uploads\/2024\/04\/Wersja-pozioma_Nova.Galicja-1536x349.png 1536w, https:\/\/www.miasteczko-galicyjskie.pl\/wp-content\/uploads\/2024\/04\/Wersja-pozioma_Nova.Galicja-1140x259.png 1140w, https:\/\/www.miasteczko-galicyjskie.pl\/wp-content\/uploads\/2024\/04\/Wersja-pozioma_Nova.Galicja.png 1744w\" sizes=\"(max-width: 541px) 100vw, 541px\" \/><\/a><\/figure><\/div>\n\n\n\n<div style=\"height:74px\" aria-hidden=\"true\" class=\"wp-block-spacer\"><\/div>\n\n\n\n<div class=\"wp-block-columns\">\n<div class=\"wp-block-column\">\n<h6 style=\"text-align: center;\"><a href=\"https:\/\/www.facebook.com\/przedszkolegalicyjskie\/\">PRZEDSZKOLE GALICYJSKIE<\/a><\/h6>\n<p>\u00a0<\/p>\n\n\n\n<div class=\"wp-block-image is-style-default\"><figure class=\"aligncenter size-large is-resized\"><img loading=\"lazy\" src=\"http:\/\/www.miasteczko-galicyjskie.pl\/wp-content\/uploads\/2020\/09\/przedszkole-z-logo.jpg\" alt=\"\" class=\"wp-image-2102\" width=\"276\" height=\"208\" srcset=\"https:\/\/www.miasteczko-galicyjskie.pl\/wp-content\/uploads\/2020\/09\/przedszkole-z-logo.jpg 762w, https:\/\/www.miasteczko-galicyjskie.pl\/wp-content\/uploads\/2020\/09\/przedszkole-z-logo-300x226.jpg 300w\" sizes=\"(max-width: 276px) 100vw, 276px\" \/><\/figure><\/div>\n<\/div>\n\n\n\n<div class=\"wp-block-column\">\n<h6 style=\"text-align: center;\"><a href=\"https:\/\/www.sklep.misiura-design.pl\/\" data-rich-text-format-boundary=\"true\">PRACOWNIA CERAMICZNA MISIURA DESIGN<\/a><\/h6>\n\n\n\n<div class=\"wp-block-image is-style-default\"><figure class=\"aligncenter size-large is-resized\"><img loading=\"lazy\" src=\"http:\/\/www.miasteczko-galicyjskie.pl\/wp-content\/uploads\/2022\/07\/294235250_433614305445993_4812766783037571584_n-edited.jpg\" alt=\"\" class=\"wp-image-3790\" width=\"271\" height=\"203.25\" srcset=\"https:\/\/www.miasteczko-galicyjskie.pl\/wp-content\/uploads\/2022\/07\/294235250_433614305445993_4812766783037571584_n-edited.jpg 1440w, https:\/\/www.miasteczko-galicyjskie.pl\/wp-content\/uploads\/2022\/07\/294235250_433614305445993_4812766783037571584_n-edited-300x225.jpg 300w, https:\/\/www.miasteczko-galicyjskie.pl\/wp-content\/uploads\/2022\/07\/294235250_433614305445993_4812766783037571584_n-edited-1024x768.jpg 1024w, https:\/\/www.miasteczko-galicyjskie.pl\/wp-content\/uploads\/2022\/07\/294235250_433614305445993_4812766783037571584_n-edited-768x576.jpg 768w, https:\/\/www.miasteczko-galicyjskie.pl\/wp-content\/uploads\/2022\/07\/294235250_433614305445993_4812766783037571584_n-edited-1140x855.jpg 1140w\" sizes=\"(max-width: 1440px) 100vw, 1440px\" \/><\/figure><\/div>\n<\/div>\n<\/div>\n\n\n\n<div class=\"wp-block-columns\">\n<div class=\"wp-block-column\">\n<div class=\"wp-block-columns\">\n<div class=\"wp-block-column\">\n<h6 style=\"text-align: center;\">ANTYKWARIAT <br>Dariusz Janusz<\/h6>\n<p><\/p>\n\n\n\n<div class=\"wp-block-image is-style-default\"><figure class=\"aligncenter size-large is-resized\"><img loading=\"lazy\" src=\"http:\/\/www.miasteczko-galicyjskie.pl\/wp-content\/uploads\/2022\/07\/20180801_084033-edited.jpg\" alt=\"\" class=\"wp-image-3801\" width=\"276\" height=\"207\" srcset=\"https:\/\/www.miasteczko-galicyjskie.pl\/wp-content\/uploads\/2022\/07\/20180801_084033-edited.jpg 2446w, https:\/\/www.miasteczko-galicyjskie.pl\/wp-content\/uploads\/2022\/07\/20180801_084033-edited-300x225.jpg 300w, https:\/\/www.miasteczko-galicyjskie.pl\/wp-content\/uploads\/2022\/07\/20180801_084033-edited-1024x769.jpg 1024w, https:\/\/www.miasteczko-galicyjskie.pl\/wp-content\/uploads\/2022\/07\/20180801_084033-edited-768x576.jpg 768w, https:\/\/www.miasteczko-galicyjskie.pl\/wp-content\/uploads\/2022\/07\/20180801_084033-edited-1536x1153.jpg 1536w, https:\/\/www.miasteczko-galicyjskie.pl\/wp-content\/uploads\/2022\/07\/20180801_084033-edited-2048x1537.jpg 2048w, https:\/\/www.miasteczko-galicyjskie.pl\/wp-content\/uploads\/2022\/07\/20180801_084033-edited-1140x856.jpg 1140w\" sizes=\"(max-width: 276px) 100vw, 276px\" \/><\/figure><\/div>\n<\/div>\n\n\n\n<div class=\"wp-block-column\">\n<h6 style=\"text-align: center;\"><a href=\"http:\/\/Pracownia r\u0119kodzie\u0142a Monika Zieli\u0144ska-Klimczak\" data-wplink-url-error=\"true\">MANUCRAFTURA<\/a><br><span class=\"x193iq5w xeuugli x13faqbe x1vvkbs x1xmvt09 x1lliihq x1s928wv xhkezso x1gmr53x x1cpjm7i x1fgarty x1943h6x xudqn12 x3x7a5m x6prxxf xvq8zen xo1l8bm xzsf02u\" dir=\"auto\">Pracownia r\u0119kodzie\u0142a <br>Monika Zieli\u0144ska-Klimczak<\/span><\/h6>\n\n\n\n<div class=\"wp-block-image is-style-default\"><figure class=\"aligncenter size-large is-resized\"><a href=\"https:\/\/www.facebook.com\/manucraftura\"><img loading=\"lazy\" src=\"http:\/\/www.miasteczko-galicyjskie.pl\/wp-content\/uploads\/2023\/02\/mz.png\" alt=\"\" class=\"wp-image-4025\" width=\"262\" height=\"219\" srcset=\"https:\/\/www.miasteczko-galicyjskie.pl\/wp-content\/uploads\/2023\/02\/mz.png 940w, https:\/\/www.miasteczko-galicyjskie.pl\/wp-content\/uploads\/2023\/02\/mz-300x251.png 300w, https:\/\/www.miasteczko-galicyjskie.pl\/wp-content\/uploads\/2023\/02\/mz-768x644.png 768w\" sizes=\"(max-width: 262px) 100vw, 262px\" \/><\/a><\/figure><\/div>\n<\/div>\n<\/div>\n\n\n\n<p><\/p>\n<\/div>\n<\/div>\n\n\n\n<div style=\"height:37px\" aria-hidden=\"true\" class=\"wp-block-spacer\"><\/div>\n\n\n\n<p><\/p>\n","protected":false},"excerpt":{"rendered":"<p>KAWIARNIA &#8211; KARCZMA &#8211; HOTEL PRZEDSZKOLE GALICYJSKIE \u00a0 PRACOWNIA CERAMICZNA MISIURA DESIGN<\/p>\n","protected":false},"author":1,"featured_media":0,"parent":0,"menu_order":0,"comment_status":"closed","ping_status":"closed","template":"","meta":[],"_links":{"self":[{"href":"https:\/\/www.miasteczko-galicyjskie.pl\/index.php?rest_route=\/wp\/v2\/pages\/130"}],"collection":[{"href":"https:\/\/www.miasteczko-galicyjskie.pl\/index.php?rest_route=\/wp\/v2\/pages"}],"about":[{"href":"https:\/\/www.miasteczko-galicyjskie.pl\/index.php?rest_route=\/wp\/v2\/types\/page"}],"author":[{"embeddable":true,"href":"https:\/\/www.miasteczko-galicyjskie.pl\/index.php?rest_route=\/wp\/v2\/users\/1"}],"replies":[{"embeddable":true,"href":"https:\/\/www.miasteczko-galicyjskie.pl\/index.php?rest_route=%2Fwp%2Fv2%2Fcomments&post=130"}],"version-history":[{"count":55,"href":"https:\/\/www.miasteczko-galicyjskie.pl\/index.php?rest_route=\/wp\/v2\/pages\/130\/revisions"}],"predecessor-version":[{"id":4649,"href":"https:\/\/www.miasteczko-galicyjskie.pl\/index.php?rest_route=\/wp\/v2\/pages\/130\/revisions\/4649"}],"wp:attachment":[{"href":"https:\/\/www.miasteczko-galicyjskie.pl\/index.php?rest_route=%2Fwp%2Fv2%2Fmedia&parent=130"}],"curies":[{"name":"wp","href":"https:\/\/api.w.org\/{rel}","templated":true}]}}